*3 - l**2 + l + 2. Give p(v).
2
Let y(a) = -2*a**2 - a**3 + 6*a**2 - 2*a + 3*a - 4. Let s be (0 - 1)*-6 + -1. Let t = s - 2. What is y(t)?
8
Let z(w) = w**3 + 4*w**2 + 2*w. Let y be z(-3). Let b be ((-1)/3)/(y/(-45)). Suppose 5*t - 5 = 5*q, b*q + 3 = -3*t + 22. Let v(u) = 2*u - 1. Calculate v(q).
3
Let q be 90/(-25) + 2 - 4/10. Let r(j) = -2*j**3 - j - 2. Determine r(q).
16
Let s(k) = -k + 2. Let i = -1 - -2. Let u(h) = 7*h**2 + h - 1. Let r be u(i). What is s(r)?
-5
Let y(l) = 5*l**2 + 2*l. Let w be y(2). Suppose -5*k + d + 30 = 0, -5*k + w = -k - 4*d. Let h(i) = i**3 - 6*i**2 + 2*i - 9. Determine h(k).
3
Let x(u) = u**2 + 12. Let z be x(0). Suppose -n = 3*n - z. Let o(w) = -3*w - 5 + 2*w + n. Determine o(-2).
0
Let r(y) = -y - 2. Let n be 3/6*10 - -2. Let g = -12 + n. Let b = g + 0. What is r(b)?
3
Suppose 0 = 5*k - 11 - 14. Suppose o + k = 6*o. Let h(s) = 3*s**3 + s**2 + s - 1. Calculate h(o).
4
Let t(m) = m**3 + 1. Let l be t(1). Let v(s) = 2*s**3 - 5*s**2 + 6*s**l - 6 - 3*s**3 - s. What is v(0)?
-6
Let u(n) be the first derivative of 3*n**2/2 - 6. Calculate u(1).
3
Let h(j) = -5*j**2 - j + 1. Let y(z) = z**2 - 2*z. Let o be y(4). Suppose m = -m + o. Suppose 2*w + 9 + 4 = 5*x, 5*x - 19 = -m*w. Give h(w).
-5
Let l(f) = 4*f**3 + 2*f**2 - f. Let t be l(1). Let h(a) be the third derivative of 0*a - 3*a**2 + 0 + 1/2*a**3 + 1/24*a**4. Give h(t).
8
Let y(g) = g**3 - 6*g**2 - g. Let n = 22 + -16. What is y(n)?
-6
Let h(w) be the third derivative of w**6/120 + 7*w**5/60 + w**4/6 - 4*w**3/3 + 26*w**2. Give h(-6).
4
Let c = -14 - -17. Let w(f) = -3 + 2 + f + c. Give w(6).
8
Let y = -4 + 10. Let z(i) = -i + 5 + 0 - 4. Calculate z(y).
-5
Let o(l) be the second derivative of l**4/12 + l**3/2 + 3*l**2/2 + 2*l + 8. Give o(-2).
1
Let r(u) = -32*u - 5 + 64*u - 29*u - 5. Let i = -3 - -10. Calculate r(i).
11
Let t be (-15 + 2)/(-1) + -3. Suppose 2*k = -0*k - t. Let n(j) = -j + 4. Determine n(k).
9
Let c(a) = -a + 1. Let j(m) = -8*m + 8. Let k(y) = -6*c(y) + j(y). Determine k(5).
-8
Let q(k) = k - 2*k**2 + 4 + 0*k**2 - 4*k + 3*k**2. Suppose 0 = j - 5*o - 6, 7*j - 10 = 2*j + 5*o. Let m be 1 - j - (-2 + -1). Give q(m).
4
Let d = 10 + 1. Suppose -d*a = -13*a. Let h(b) = b + 0*b**2 - b**2 + 1 + b**3 + 2. Give h(a).
3
Suppose r + 3 = p - 4, -2*r - 23 = -5*p. Let u(x) = x - x - x - 3*x + p - x**3 + 6*x**2. What is u(5)?
8
Let f = 2 - -1. Let a(o) = -o + f*o**2 + 3*o - 3*o. Give a(1).
2
Let b(t) be the second derivative of -t**5/20 - t**4/4 + t**3/2 - 3*t**2/2 + 3*t. Let l be (6 - 0)/((-3)/2). Calculate b(l).
1
Let d(z) = -7*z**3 + 6*z**2 + 5*z - 1. Let p(l) = -14*l**3 + 13*l**2 + 11*l - 2. Let g(s) = -13*d(s) + 6*p(s). Calculate g(-1).
-7
Let q(m) = -3*m - 6*m - 2 - m**2 + 2*m + 0. Give q(-8).
-10
Let i(k) = -k**3 + 2*k + 1. Suppose 5*t = 3*g + 9, -3 = 3*g - 4*t + 3. Calculate i(g).
-3
Let y(z) = -5 - z + 3 + 3*z + z**2. Let i = 11 - 21. Let p be (2 + i)*(-3)/(-6). What is y(p)?
6
Let o(m) = -m**2 + 7*m + 4. Suppose 4*x + 2*q - 30 = 0, -3*x = 5*q - 6 - 20. Give o(x).
4
Let i(j) be the third derivative of -j**6/120 - j**5/60 + j**4/12 + j**3/2 - 3*j**2. Let a = 6 - 8. What is i(a)?
3
Suppose -4*g - 4*s - 8 = 0, 2*g + 11 = -5*s - 5. Suppose -4*l + 5*l - 2*h = 11, 10 = 2*l + g*h. Let a(q) = q**2 - 6*q + 1. Calculate a(l).
8
Let c be -8 + (2 - (0 + 3)). Let h be (-2)/(6/c) + -2. Let g(z) be the second derivative of -z**3/2 - z**2/2 - 2*z. Calculate g(h).
-4
Let s(v) = v - 5. Suppose -7*o + o = 36. Calculate s(o).
-11
Let g = 19 + 0. Suppose -l = -3*i + 1, 2*i + 6*l = 3*l + g. Let s(j) = -j**2 - j - 1. Let q(d) = -d**3 - d**2 - 2. Let u(c) = -q(c) + 2*s(c). What is u(i)?
0
Let n = 1 - 2. Let j be ((-4)/3)/(n/(-3)). Let k = j + 3. Let q(u) = 8*u**2 - u - 1. What is q(k)?
8
Let c(q) = 6*q**3 - q**2 - q + 1. Let p = -36 + 37. Calculate c(p).
5
Let h(j) be the first derivative of j + 3. Let g(l) = -l + 4 + 0*l - 12. Let f(u) = g(u) + 2*h(u). Calculate f(0).
-6
Let s(t) = -2 - 8*t + 5*t + 5*t + 0*t. Let b(x) = -x + 1. Let q be b(-4). Suppose -q*n - 4*r + 14 + 10 = 0, -7 = -n - 3*r. Calculate s(n).
6
Suppose 10 = -f + 3*f. Let j(i) = -i**3 + 6*i**2 - 4*i. What is j(f)?
5
Let b(v) = -v**3 + 5*v**2 + 5*v - 4. Let n(s) = s**2 - 3. Suppose -5*y - 20 = 5*p + 15, 2*p - y = -2. Let q be n(p). Calculate b(q).
-10
Let f(c) = c - 1. Let b(x) = x**2 - 11*x + 8. Let r(k) = b(k) + 5*f(k). Calculate r(3).
-6
Let m = 1 + 4. Suppose x - m = -0*x. Let p(f) be the third derivative of -f**6/120 + f**5/10 - 7*f**4/24 + 5*f**3/6 + 2*f**2. What is p(x)?
-5
Let f(a) = 2*a**3 + 4*a**2 + 3*a + 1. Let t = -11 + 9. Determine f(t).
-5
Let i(x) = x**3 - 5*x**2 - 6*x - 8. Let q be 28/12*3 - -1. Let o be 10 - q - 1*-4. Calculate i(o).
-8
Let o(x) be the first derivative of -x**2/2 + x + 1. Suppose -9*u + 5 = -8*u. Give o(u).
-4
Let y(h) = -h - 4. Suppose -5*q = 5*j - 20, 3*j + 2 = -0*j + 4*q. Suppose -2*r - n - 2*n = -10, -2*r + 12 = j*n. Suppose o + r = -3*o. What is y(o)?
-2
Suppose 8*n - 9*n + 6 = t, -3*t + n = -2. Let v(b) be the first derivative of -1/4*b**4 - 3 + 1/3*b**3 + 1/2*b**t + 2*b. Calculate v(0).
2
Let f(q) be the first derivative of q**2/2 + 4*q + 1. What is f(4)?
8
Suppose -2*r + 0 = -p - 5, -4*p = 5*r - 6. Let h be (3/2 - p)*-2. Let z(s) = s**3 + 6*s**2 + 7*s + 1. Give z(h).
-9
Suppose -53 = -12*p - 5. Let g(o) = -8*o + 0 + 0 + o**2 + 1. Give g(p).
-15
Let b(c) = 2*c + 4. Let g be (-225)/35 + 3/7. Let z be -4 + 12*(-4)/g. Determine b(z).
12
Suppose -34 = -5*g + p, -4*p - 6 = g - p. Let d = -7 + g. Let t(x) = 5*x**2 - 2*x - 1. What is t(d)?
6
Let j(c) = 4 - c**3 + 0*c**2 - 3*c**2 + 4*c - 4. Let o be j(-4). Let m(t) = 3 + o - 2 + 2*t. What is m(2)?
5
Let p(f) be the second derivative of -f**4/12 + 3*f**2/2 + 2*f. Let w be 2/(-4) + (-14)/(-4). Calculate p(w).
-6
Let k(j) = j**2 - 7*j + 1. Suppose -3*b = -2*b + 7. Let w(z) = z + 14. Let o be w(b). What is k(o)?
1
Suppose -2 = -b + 3*k, -4*b + 0*k - 12 = -2*k. Let n(f) = -f**3 - 5*f**2 - 4*f - 1. Determine n(b).
-1
Suppose 4*t - 2*w - 72 = 0, -t - 46 = -3*t - 4*w. Suppose -5*b = 2*z - 8, 5 = -2*z + 3*b - t. Let g(m) = -m**2 - 7*m - 7. Give g(z).
-1
Let w(l) be the third derivative of 0*l - 1/6*l**4 - l**2 + 1/6*l**3 + 0. Give w(-3).
13
Let m(n) = n**3 + 7*n**2 - 9*n - 5. Let v(u) = u**3 - 6*u**2 - 3*u + 4. Let i be v(7). Suppose 0 = -3*w + 7*w + i. Give m(w).
3
Let a(d) = d**2 + 3*d**2 + 15 + 3*d + d**3 - 16. Let x be 68/(-18) - (-2)/(-9). Calculate a(x).
-13
Let l(u) = u**3 + 3*u**2 - 2*u - 2. Let x = 4 + -23. Let i = x - -16. Determine l(i).
4
Let y(n) = -2 - 12*n**2 + 6*n**2 + 4*n + n**2 + 4*n**2. Give y(3).
1
Let z(u) = -u**3 + u**2 + u + 7. Let a be z(0). Let s(x) = 0*x - 4*x + 5*x - 2*x + 4. Give s(a).
-3
Let q(s) = -s**2 - s + 1. Let i be ((-3)/6)/(1/10). Let h be i + 1 + -3 + 0. Let c = 4 + h. Calculate q(c).
-5
Let w(g) = 6*g**3 + g**2 - 10*g + 5. Let p(l) = 5*l**3 + 2*l**2 - 10*l + 5. Let q(m) = -7*p(m) + 6*w(m). Determine q(7).
16
Let v(f) = f**3 + f**2 - f - 2. Let h be v(-2). Let u(b) = b**3 + 6*b**2 + 4*b - 5. Determine u(h).
11
Let y(o) be the third derivative of o**4/12 + o**3/6 + 5*o**2. What is y(1)?
3
Let a(b) = -b**2 + 5*b + 7. Let u(p) = -6*p**2 + 24*p + 35. Let g(j) = 11*a(j) - 2*u(j). What is g(-5)?
-3
Let v(x) = -x**3 - 5*x**2 + 2*x + 5. Let d(i) = 3*i**2 - 2*i + 1. Let r be d(1). Suppose -r*k - 2 = -4*k, -b - 7 = -2*k. Determine v(b).
-5
Let u = -181 + 174. Let q(r) = 3*r + 17. Determine q(u).
-4
Suppose -5*r + 9 + 16 = 0. Let y(u) = 5*u + 6 + u - 3 - r*u. Calculate y(-5).
-2
Let w(f) = f**3 + f**2 - f + 1. Let n(o) = 7*o**3 + 11*o**2 - 5*o + 3. Let q(y) = n(y) - 6*w(y). What is q(-5)?
-8
Suppose -4*w + 8 = -20. Let p = 4 - w. Let x(z) = 2*z. Calculate x(p).
-6
Let c(l) = -6*l + 2*l**2 - 2 - 13*l - l**3 + 17*l. Give c(2).
-6
Let n be -1*2 + 4/(-2). Let s = n - 0. Let r(j) = -4*j**2 - 2 - j**3 + 0*j**2 - 2. What is r(s)?
-4
Suppose 18 = n - 4*n. Let f(x) = 3*x - 3 - 5 - 4*x. Calculate f(n).
-2
Let l be (-14)/(-3) + 5/15. Let j(b) = -2*b + 7. Let y be j(l). Let k be (2/y)/((-3)/(-9)). Let r(v) = -v - 2. What is r(k)?
0
Let p(z) = z**2 - 10*z + 4. Let a be p(10). Let r(b) = -b**3 + 3*b**2 + 3*b + 3. Determine r(a).
-1
Let s(x) be the third derivative of -x**6/120 - x**5/12 + x**3/3 + 3*x**2. Let i(g) = 5*g**3 + 20*g**